48569?
6
What is the tens digit of 7657131?
3
What is the tens digit of 591109?
0
What is the hundred thousands digit of 428472?
4
What is the units digit of 208622?
2
What is the ten thousands digit of 25181463?
8
What is the hundreds digit of 2618889?
8
What is the tens digit of 1257777?
7
What is the hundred thousands digit of 2326014?
3
What is the tens digit of 489304?
0
What is the ten millions digit of 27813421?
2
What is the hundred thousands digit of 1551209?
5
What is the hundreds digit of 54417?
4
What is the thousands digit of 15764107?
4
What is the hundreds digit of 31146427?
4
What is the ten thousands digit of 17575?
1
What is the thousands digit of 2071724?
1
What is the units digit of 666497?
7
What is the millions digit of 12436602?
2
What is the tens digit of 222462?
6
What is the tens digit of 378266?
6
What is the ten thousands digit of 402891?
0
What is the hundreds digit of 15565197?
1
What is the millions digit of 10000637?
0
What is the units digit of 343463?
3
What is the units digit of 31675886?
6
What is the thousands digit of 63398?
3
What is the ten thousands digit of 1210656?
1
What is the hundreds digit of 813841?
8
What is the thousands digit of 625253?
5
What is the hundred thousands digit of 4963477?
9
What is the units digit of 520317?
7
What is the tens digit of 678826?
2
What is the units digit of 438447?
7
What is the millions digit of 14289206?
4
What is the ten millions digit of 33179129?
3
What is the hundred thousands digit of 580938?
5
What is the thousands digit of 619372?
9
What is the millions digit of 7009739?
7
What is the ten thousands digit of 372690?
7
What is the thousands digit of 1438463?
8
What is the thousands digit of 1823755?
3
What is the thousands digit of 7539791?
9
What is the millions digit of 1085442?
1
What is the hundreds digit of 6626691?
6
What is the hundreds digit of 18731379?
3
What is the hundred thousands digit of 15861894?
8
What is the millions digit of 24557812?
4
What is the hundreds digit of 6223669?
6
What is the tens digit of 234264?
6
What is the ten thousands digit of 1421717?
2
What is the tens digit of 1343291?
9
What is the millions digit of 2451471?
2
What is the hundreds digit of 1007018?
0
What is the tens digit of 425643?
4
What is the units digit of 173637?
7
What is the hundred thousands digit of 26455719?
4
What is the tens digit of 13086031?
3
What is the thousands digit of 2777609?
7
What is the hundreds digit of 304287?
2
What is the units digit of 6111748?
8
What is the hundreds digit of 206314?
3
What is the thousands digit of 1603615?
3
What is the ten thousands digit of 114614?
1
What is the thousands digit of 577974?
7
What is the tens digit of 2004670?
7
What is the hundred thousands digit of 2897934?
8
What is the units digit of 455785?
5
What is the millions digit of 5813495?
5
What is the ten millions digit of 12768443?
1
What is the thousands digit of 9859?
9
What is the hundreds digit of 66486?
4
What is the thousands digit of 809831?
9
What is the thousands digit of 5703054?
3
What is the units digit of 161820?
0
What is the ten thousands digit of 6946671?
4
What is the thousands digit of 9439198?
9
What is the thousands digit of 5494075?
4
What is the hundred thousands digit of 687729?
6
What is the hundreds digit of 73590?
5
What is the ten thousands digit of 217531?
1
What is the hundreds digit of 538933?
9
What is the thousands digit of 92944?
2
What is the millions digit of 2552280?
2
What is the ten thousands digit of 3002829?
0
What is the hundreds digit of 457549?
5
What is the tens digit of 62029?
2
What is the units digit of 2902775?
5
What is the ten thousands digit of 2115856?
1
What is the hundred thousands digit of 711754?
7
What is the ten thousands digit of 4574284?
7
What is the ten thousands digit of 118869?
1
What is the ten thousands digit of 29480922?
8
What is the tens digit of 13326433?
3
What is the ten thousands digit of 628641?
2
What is the hundreds digit of 217697?
6
What is the tens digit of 6618842?
4
What is the ten thousands digit of 134449?
3
What is the units digit of 10881748?
8
What is the hundred thousands digit of 193933?
1
What is the hundreds digit of 7266151?
1
What is the thousands digit of 8662975?
2
What is the thousands digit of 858350?
8
What is the hundreds digit of 94700?
7
What is the thousands digit of 6237492?
7
What is the hundreds digit of 589048?
0
What is the hundreds digit of 1484847?
8
What is the thousands digit of 713508?
3
What is the units digit of 297308?
8
What is the tens digit of 29714178?
7
What is the ten thousands digit of 826504?
2
What is the tens digit of 25019975?
7
What is the hundreds digit of 95021?
0
What is the thousands digit of 69949?
9
What is the thousands digit of 77540?
7
What is the thousands digit of 583715?
3
What is the millions digit of 1388026?
1
What is the tens digit of 11409?
0
What is the units digit of 61828?
8
What is the hundred thousands digit of 19333420?
3
What is the ten thousands digit of 933886?
3
What is the thousands digit of 13054555?
4
What is the thousands digit of 151238?
1
What is the thousands digit of 626073?
6
What is the hundred thousands digit of 1407339?
4
What is the ten millions digit of 14455076?
1
What is the millions digit of 27461708?
7
What is the hundred thousands digit of 742415?
7
What is the hundred thousands digit of 4658551?
6
What is the units digit of 636912?
2
What is the hundred thousands digit of 8184641?
1
What is the ten thousands digit of 585985?
8
What is the thousands digit of 604953?
4
What is the units digit of 290528?
8
What is the millions digit of 1165271?
1
What is the hundred thousands digit of 4995491?
9
What is the tens digit of 444865?
6
What is the millions digit of 2780819?
2
What is the ten thousands digit of 77576?
7
What is the tens digit of 175873?
7
What is the thousands digit of 227168?
7
What is the tens digit of 1257274?
7
What is the millions digit of 7642150?
7
What is the millions digit of 7354490?
7
What is the hundred thousands digit of 125610?
1
What is the thousands digit of 645781?
5
What is the hundred thousands digit of 1749539?
7
What is the ten thousands digit of 4795740?
9
What is the hundred thousands digit of 198317?
1
What is the units digit of 363579?
9
What is the hundred thousands digit of 6641906?
6
What is the hundreds digit of 996082?
0
What is the millions digit of 2105082?
2
What is the tens digit of 60922?
2
What is the hundreds digit of 42967?
9
What is the millions digit of 4162753?
4
What is the units digit of 3223875?
5
What is the thousands digit of 243580?
3
What is the ten thousands digit of 8594009?
9
What is the tens digit of 9624854?
5
What is the ten thousands digit of 310473?
1
What is the thousands digit of 5863980?
3
What is the tens digit of 839196?
9
What is the tens digit of 203482?
8
What is the hundred thousands digit of 13007393?
0
What is the millions digit of 22179271?
2
What is the hundreds digit of 415692?
6
What is the tens digit of 3322242?
4
What is the units digit of 761650?
0
What is the units digit of 825295?
5
What is the tens digit of 559931?
3
What is the units digit of 2172055?
5
What is the hundreds digit of 134097?
0
What is the thousands digit of 22511145?
1
What is the units digit of 1287029?
9
What is the units digit of 172006?
6
What is the tens digit of 807221?
2
What is the units digit of 2174010?
0
What is the thousands digit of 4826356?
6
What is the hundred thousands digit of 2775343?
7
What is the hundred thousands digit of 36464654?
4
What is the tens digit of 7039677?
7
What is the tens digit of 695726?
2
What is the thousands digit of 121056?
1
What is the hundred thousands digit of 127221?
1
What is the tens digit of 251417?
1
What is the ten thousands digit of 19545102?
4
What is the thousands digit of 313508?
3
What is the thousands digit of 3997417?
7
What is the thousands digit of 146973?
6
What is the tens digit of 373965?
6
What is the units digit of 4264760?
0
What is the ten thousands digit of 416248?
1
What is the hundreds digit of 12203299?
2
What is the thousands digit of 270893?
0
What is the thousands digit of 1705992?
5
What is the thousands digit of 14282814?
2
What is the tens digit of 5